5
What is the ten millions digit of 20512375?
2
What is the thousands digit of 6132096?
2
What is the tens digit of 184490?
9
What is the hundred thousands digit of 11077504?
0
What is the thousands digit of 119795?
9
What is the hundreds digit of 1989443?
4
What is the thousands digit of 2403950?
3
What is the thousands digit of 1540042?
0
What is the hundred thousands digit of 219959?
2
What is the ten thousands digit of 87291?
8
What is the ten millions digit of 12961502?
1
What is the thousands digit of 659202?
9
What is the hundred thousands digit of 141430?
1
What is the thousands digit of 113266?
3
What is the units digit of 1182812?
2
What is the ten thousands digit of 210945?
1
What is the tens digit of 1662211?
1
What is the ten thousands digit of 3333036?
3
What is the hundreds digit of 19640336?
3
What is the hundred thousands digit of 4381154?
3
What is the units digit of 977266?
6
What is the thousands digit of 1171520?
1
What is the units digit of 657938?
8
What is the thousands digit of 19345471?
5
What is the hundred thousands digit of 830470?
8
What is the ten thousands digit of 258418?
5
What is the ten thousands digit of 692201?
9
What is the thousands digit of 10353?
0
What is the hundreds digit of 365498?
4
What is the millions digit of 11491293?
1
What is the ten thousands digit of 43729?
4
What is the thousands digit of 1163562?
3
What is the tens digit of 986559?
5
What is the units digit of 950197?
7
What is the hundreds digit of 400942?
9
What is the units digit of 309393?
3
What is the units digit of 20131989?
9
What is the thousands digit of 372552?
2
What is the hundred thousands digit of 3603564?
6
What is the tens digit of 906365?
6
What is the hundred thousands digit of 360975?
3
What is the ten thousands digit of 384247?
8
What is the hundreds digit of 21723?
7
What is the thousands digit of 13969467?
9
What is the millions digit of 5143314?
5
What is the units digit of 137977?
7
What is the tens digit of 653999?
9
What is the hundred thousands digit of 114842?
1
What is the hundreds digit of 10791989?
9
What is the hundreds digit of 228983?
9
What is the hundreds digit of 216004?
0
What is the thousands digit of 19489491?
9
What is the thousands digit of 172885?
2
What is the thousands digit of 93906?
3
What is the tens digit of 3212233?
3
What is the units digit of 2428138?
8
What is the hundreds digit of 825573?
5
What is the units digit of 361670?
0
What is the millions digit of 3654006?
3
What is the thousands digit of 294836?
4
What is the tens digit of 336599?
9
What is the thousands digit of 578087?
8
What is the millions digit of 1778045?
1
What is the units digit of 1757538?
8
What is the thousands digit of 569887?
9
What is the hundred thousands digit of 1653808?
6
What is the tens digit of 862695?
9
What is the thousands digit of 28449621?
9
What is the hundreds digit of 681241?
2
What is the thousands digit of 5586752?
6
What is the units digit of 193490?
0
What is the hundreds digit of 887071?
0
What is the hundred thousands digit of 16539944?
5
What is the hundred thousands digit of 809836?
8
What is the tens digit of 9770322?
2
What is the tens digit of 1654523?
2
What is the units digit of 7497209?
9
What is the hundreds digit of 821923?
9
What is the millions digit of 4027809?
4
What is the ten thousands digit of 207823?
0
What is the units digit of 438531?
1
What is the tens digit of 182320?
2
What is the hundred thousands digit of 696083?
6
What is the hundreds digit of 1402306?
3
What is the hundred thousands digit of 939661?
9
What is the thousands digit of 1774655?
4
What is the ten thousands digit of 11316836?
1
What is the hundred thousands digit of 4533409?
5
What is the millions digit of 3923462?
3
What is the thousands digit of 386121?
6
What is the tens digit of 452012?
1
What is the tens digit of 4549663?
6
What is the thousands digit of 3207606?
7
What is the hundreds digit of 1416084?
0
What is the hundreds digit of 251995?
9
What is the units digit of 16866003?
3
What is the millions digit of 2798927?
2
What is the units digit of 7197230?
0
What is the units digit of 875561?
1
What is the thousands digit of 1154969?
4
What is the units digit of 20949?
9
What is the thousands digit of 335537?
5
What is the units digit of 961757?
7
What is the millions digit of 6584045?
6
What is the millions digit of 4566314?
4
What is the hundred thousands digit of 1910640?
9
What is the hundreds digit of 4956522?
5
What is the units digit of 263411?
1
What is the tens digit of 28935?
3
What is the hundreds digit of 502574?
5
What is the units digit of 1699740?
0
What is the units digit of 86455?
5
What is the tens digit of 591589?
8
What is the ten millions digit of 21512098?
2
What is the ten thousands digit of 390408?
9
What is the units digit of 183105?
5
What is the units digit of 2848304?
4
What is the tens digit of 9021922?
2
What is the ten thousands digit of 475542?
7
What is the ten thousands digit of 409915?
0
What is the thousands digit of 745212?
5
What is the thousands digit of 597435?
7
What is the units digit of 270034?
4
What is the tens digit of 9663395?
9
What is the thousands digit of 1853158?
3
What is the units digit of 445701?
1
What is the units digit of 5426445?
5
What is the millions digit of 1267321?
1
What is the hundreds digit of 363146?
1
What is the millions digit of 3553001?
3
What is the units digit of 3243650?
0
What is the hundred thousands digit of 231049?
2
What is the units digit of 552237?
7
What is the thousands digit of 564558?
4
What is the ten thousands digit of 25907?
2
What is the ten thousands digit of 715249?
1
What is the ten thousands digit of 572719?
7
What is the thousands digit of 232310?
2
What is the thousands digit of 664400?
4
What is the ten thousands digit of 217939?
1
What is the thousands digit of 134865?
4
What is the ten thousands digit of 19845117?
4
What is the hundreds digit of 59872?
8
What is the hundreds digit of 38784489?
4
What is the thousands digit of 431391?
1
What is the tens digit of 653212?
1
What is the millions digit of 6277685?
6
What is the ten thousands digit of 927215?
2
What is the hundred thousands digit of 10645910?
6
What is the millions digit of 12053544?
2
What is the hundred thousands digit of 271987?
2
What is the hundred thousands digit of 3510974?
5
What is the tens digit of 198438?
3
What is the thousands digit of 663482?
3
What is the thousands digit of 843220?
3
What is the hundred thousands digit of 2370332?
3
What is the units digit of 366013?
3
What is the hundred thousands digit of 13329577?
3
What is the ten thousands digit of 1380973?
8
What is the hundreds digit of 3558309?
3
What is the thousands digit of 805754?
5
What is the tens digit of 5012900?
0
What is the ten thousands digit of 860295?
6
What is the hundreds digit of 261990?
9
What is the units digit of 66321?
1
What is the ten thousands digit of 332420?
3
What is the hundred thousands digit of 17503579?
5
What is the thousands digit of 1931477?
1
What is the thousands digit of 115696?
5
What is the units digit of 332252?
2
What is the ten thousands digit of 205676?
0
What is the ten thousands digit of 1357883?
5
What is the ten thousands digit of 1367859?
6
What is the hundred thousands digit of 9494526?
4
What is the units digit of 1791152?
2
What is the units digit of 1735078?
8
What is the millions digit of 1216396?
1
What is the hundred thousands digit of 3925709?
9
What is the hundred thousands digit of 435531?
4
What is the units digit of 304369?
9
What is the units digit of 290098?
8
What is the hundred thousands digit of 1116715?
1
What is the thousands digit of 89246?
9
What is the ten thousands digit of 394865?
9
What is the hundreds digit of 8222236?
2
What is the thousands digit of 2142264?
2
What is the hundred thousands digit of 4038862?
0
What is the millions digit of 7132682?
7
What is the hundred thousands digit of 836458?
8
What is the hundred thousands digit of 160699?
1
What is the units digit of 86339?
9
What is the hundred thousands digit of 17727818?
7
What is the hundred thousands digit of 27226209?
2
What is the units digit of 7264964?
4
What is the ten thousands digit of 3906623?
0
What is the tens digit